{"id":32,"date":"2021-05-28T12:16:39","date_gmt":"2021-05-28T10:16:39","guid":{"rendered":"http:\/\/www.chraecker.de\/kocks\/?page_id=32"},"modified":"2021-07-06T11:32:55","modified_gmt":"2021-07-06T09:32:55","slug":"wueste-geboren-und-verloren","status":"publish","type":"page","link":"https:\/\/www.chraecker.de\/kocks\/","title":{"rendered":"W\u00fcste \u2013 geboren und verloren \u2013"},"content":{"rendered":"\n<p>Ich reise viel- beruflich und privat -, weil mich die Begegnung mit dem Fremden, dem Neuen fasziniert und bereichert, aber auch herausfordert.<\/p>\n\n\n\n<p>In meinem Blog m\u00f6chte ich Sie einladen, mit mir auf die Reise zu gehen, gemeinsam sich mit mir verzaubern zu lassen von der Vielfalt unserer Erde, ihrer Menschen und ihrer Natur, um staunend zu erfahren, wie sich alles im Leben immer wieder aufs Neue wandelt.<\/p>\n\n\n\n<p>Vielleicht gelingt es mir, etwas von diesem Erleben, das mich packt zu vermitteln und Sie teilhaben zu lassen, an den Gedanken, die diese Begegnungen in mir ausl\u00f6sen.<\/p>\n\n\n\n<p>Was ist das f\u00fcr eine Welt \u2013 die W\u00fcste?<br>Hat sie nicht eine magische Ausstrahlung wie oben auf dem Foto die algerische Sahara?<br>Und \u2013 ist das vielleicht ein Grund, warum die drei abrahamitischen Weltreligionen hier geboren wurden?<\/p>\n\n\n\n<p>Wir benutzen&nbsp; die Metapher \u201eW\u00fcste\u201c&nbsp; f\u00fcr scheinbar gegens\u00e4tzliche Bedeutungen.<\/p>\n\n\n\n<ul class=\"wp-block-list\"><li>F\u00fcr Unendlichkeit, Erleuchtung, Selbstfindung \u2013 f\u00fcr \u201eAufgehobensein\u201c in der Unendlichkeit des Alls,<\/li><li>Aber auch f\u00fcr das Erschrecken, das Sichverlaufen, Verirren, Verlorengehen eben in dieser Unendlichkeit.<\/li><\/ul>\n\n\n\n<p>Beide Gef\u00fchle erleben wir sowohl in der Natur \u2013 in der W\u00fcste, ob sie nun eine Eis- oder Sand-oder Steinw\u00fcste ist oder die Wasserw\u00fcste eines Meeres \u2013 wie auch z.B.im Bereich der Technik oder einer Aufgabe oder in einer&nbsp; globalen Welt, in der wir uns verloren haben angesichts der un\u00fcberschaubaren Vielfalt von Problemen. Nirgends ein L\u00f6sungshinweis, um aus der Verirrung&nbsp; und Hilflosigkeit einen Ausweg&nbsp; zu finden .<\/p>\n\n\n\n<ul class=\"wp-block-list\"><li>Die Metapher \u201eW\u00fcste\u201c steht f\u00fcr knappe Ressourcen.<\/li><\/ul>\n\n\n\n<p>Wer einmal am Strand dem Wind zugeschaut hat, wie er Sandformen&nbsp; ver\u00e4ndert, dem erschlie\u00dft sich&nbsp; unmittelbar die stetige Bewegung als Metapher f\u00fcr Leben, wie sie sich zeigt in der<\/p>\n\n\n\n<ul class=\"wp-block-list\"><li>Ver\u00e4nderung in der Natur, im steten Kreislauf von Entstehen und Vergehen, in das&nbsp;der Mensch als Teil der Natur eingeschlossen ist<\/li><li>Ver\u00e4nderung&nbsp; der Entwicklung&nbsp; des Menschen vom Baby zum Greis; auf dieser&nbsp;langen Reise ist &nbsp;Ver\u00e4nderung notwendig&nbsp; (Thema: Zeit),&nbsp; nicht nur Anpassung, sondern auch Gestaltung \u2013&nbsp;&nbsp; selbstbestimmt&nbsp;&nbsp; (Themen:&nbsp;&nbsp;&nbsp;&nbsp;&nbsp;&nbsp;&nbsp;&nbsp;&nbsp;&nbsp;&nbsp; Kreativit\u00e4t, Vertrauen),<\/li><li>&nbsp;Ver\u00e4nderung durch Erfahrung (Themen: Lernen, Begegnungen, Angst)<\/li><li>&nbsp;Ver\u00e4nderung der Selbstwahrnehmung (Themen: Identit\u00e4t, Resilienz)<\/li><li>&nbsp;Ver\u00e4nderung durch Ereignisse (Themen: Reisen, Krisen, Abschiede, Tod)<\/li><\/ul>\n\n\n\n<p><\/p>\n","protected":false},"excerpt":{"rendered":"<p>Ich reise viel- beruflich und privat -, weil mich die Begegnung mit dem Fremden, dem Neuen fasziniert und bereichert, aber auch herausfordert. In meinem Blog m\u00f6chte ich Sie einladen, mit mir auf die Reise zu gehen, gemeinsam sich mit mir verzaubern zu lassen von der Vielfalt unserer Erde, ihrer Menschen und ihrer Natur, um staunend [&hellip;]<\/p>\n","protected":false},"author":2,"featured_media":0,"parent":0,"menu_order":0,"comment_status":"closed","ping_status":"closed","template":"","meta":{"footnotes":""},"class_list":["post-32","page","type-page","status-publish","hentry","entry"],"_links":{"self":[{"href":"https:\/\/www.chraecker.de\/kocks\/wp-json\/wp\/v2\/pages\/32","targetHints":{"allow":["GET"]}}],"collection":[{"href":"https:\/\/www.chraecker.de\/kocks\/wp-json\/wp\/v2\/pages"}],"about":[{"href":"https:\/\/www.chraecker.de\/kocks\/wp-json\/wp\/v2\/types\/page"}],"author":[{"embeddable":true,"href":"https:\/\/www.chraecker.de\/kocks\/wp-json\/wp\/v2\/users\/2"}],"replies":[{"embeddable":true,"href":"https:\/\/www.chraecker.de\/kocks\/wp-json\/wp\/v2\/comments?post=32"}],"version-history":[{"count":8,"href":"https:\/\/www.chraecker.de\/kocks\/wp-json\/wp\/v2\/pages\/32\/revisions"}],"predecessor-version":[{"id":362,"href":"https:\/\/www.chraecker.de\/kocks\/wp-json\/wp\/v2\/pages\/32\/revisions\/362"}],"wp:attachment":[{"href":"https:\/\/www.chraecker.de\/kocks\/wp-json\/wp\/v2\/media?parent=32"}],"curies":[{"name":"wp","href":"https:\/\/api.w.org\/{rel}","templated":true}]}}